{"id":1373,"date":"2023-02-20T11:09:29","date_gmt":"2023-02-20T11:09:29","guid":{"rendered":"https:\/\/iliriafragrance.com\/?post_type=product&#038;p=1373"},"modified":"2024-09-10T17:16:42","modified_gmt":"2024-09-10T17:16:42","slug":"fondants-parfumes-galets","status":"publish","type":"product","link":"https:\/\/iliriafragrance.com\/index.php\/produit\/fondants-parfumes-galets\/","title":{"rendered":"Fondant parfum\u00e9 galet"},"content":{"rendered":"","protected":false},"excerpt":{"rendered":"<p>D\u00e9couvrez nos fondants parfum\u00e9s galets, vous ne vous lasserez plus de ces odeurs envo\u00fbtantes ! Disponible en 9 senteurs.<\/p>\n<p>Jusqu\u2019\u00e0 12h de diffusion.<\/p>\n<p>Cire v\u00e9g\u00e9tale naturelle.<br \/>\nParfum de Grasse.<\/p>\n","protected":false},"featured_media":1392,"comment_status":"open","ping_status":"closed","template":"","meta":{"site-sidebar-layout":"default","site-content-layout":"default","ast-global-header-display":"","ast-main-header-display":"","ast-hfb-above-header-display":"","ast-hfb-below-header-display":"","ast-hfb-mobile-header-display":"","site-post-title":"","ast-breadcrumbs-content":"","ast-featured-img":"","footer-sml-layout":"","theme-transparent-header-meta":"default","adv-header-id-meta":"","stick-header-meta":"","header-above-stick-meta":"","header-main-stick-meta":"","header-below-stick-meta":""},"product_brand":[],"product_cat":[36],"product_tag":[],"class_list":{"0":"post-1373","1":"product","2":"type-product","3":"status-publish","4":"has-post-thumbnail","6":"product_cat-fondants-parfumes","7":"desktop-align-left","8":"tablet-align-left","9":"mobile-align-left","11":"first","12":"outofstock","13":"shipping-taxable","14":"purchasable","15":"product-type-variable"},"jetpack_sharing_enabled":true,"_links":{"self":[{"href":"https:\/\/iliriafragrance.com\/index.php\/wp-json\/wp\/v2\/product\/1373","targetHints":{"allow":["GET"]}}],"collection":[{"href":"https:\/\/iliriafragrance.com\/index.php\/wp-json\/wp\/v2\/product"}],"about":[{"href":"https:\/\/iliriafragrance.com\/index.php\/wp-json\/wp\/v2\/types\/product"}],"replies":[{"embeddable":true,"href":"https:\/\/iliriafragrance.com\/index.php\/wp-json\/wp\/v2\/comments?post=1373"}],"version-history":[{"count":2,"href":"https:\/\/iliriafragrance.com\/index.php\/wp-json\/wp\/v2\/product\/1373\/revisions"}],"predecessor-version":[{"id":1516,"href":"https:\/\/iliriafragrance.com\/index.php\/wp-json\/wp\/v2\/product\/1373\/revisions\/1516"}],"wp:featuredmedia":[{"embeddable":true,"href":"https:\/\/iliriafragrance.com\/index.php\/wp-json\/wp\/v2\/media\/1392"}],"wp:attachment":[{"href":"https:\/\/iliriafragrance.com\/index.php\/wp-json\/wp\/v2\/media?parent=1373"}],"wp:term":[{"taxonomy":"product_brand","embeddable":true,"href":"https:\/\/iliriafragrance.com\/index.php\/wp-json\/wp\/v2\/product_brand?post=1373"},{"taxonomy":"product_cat","embeddable":true,"href":"https:\/\/iliriafragrance.com\/index.php\/wp-json\/wp\/v2\/product_cat?post=1373"},{"taxonomy":"product_tag","embeddable":true,"href":"https:\/\/iliriafragrance.com\/index.php\/wp-json\/wp\/v2\/product_tag?post=1373"}],"curies":[{"name":"wp","href":"https:\/\/api.w.org\/{rel}","templated":true}]}}