{"id":357,"date":"2021-08-18T07:22:03","date_gmt":"2021-08-18T07:22:03","guid":{"rendered":"https:\/\/iliriafragrance.com\/index.php\/contact\/"},"modified":"2023-02-23T20:21:28","modified_gmt":"2023-02-23T20:21:28","slug":"a-propos","status":"publish","type":"page","link":"https:\/\/iliriafragrance.com\/index.php\/a-propos\/","title":{"rendered":"\u00c0 propos"},"content":{"rendered":"\t\t<div data-elementor-type=\"wp-page\" data-elementor-id=\"357\" class=\"elementor elementor-357\">\n\t\t\t\t\t\t<section class=\"elementor-section elementor-top-section elementor-element elementor-element-bc43c5e elementor-section-boxed elementor-section-height-default elementor-section-height-default\" data-id=\"bc43c5e\" data-element_type=\"section\" data-e-type=\"section\" data-settings=\"{&quot;background_background&quot;:&quot;classic&quot;}\">\n\t\t\t\t\t\t<div class=\"elementor-container elementor-column-gap-default\">\n\t\t\t\t\t<div class=\"elementor-column elementor-col-100 elementor-top-column elementor-element elementor-element-5660053\" data-id=\"5660053\" data-element_type=\"column\" data-e-type=\"column\">\n\t\t\t<div class=\"elementor-widget-wrap elementor-element-populated\">\n\t\t\t\t\t\t<div class=\"elementor-element elementor-element-5426dc8 elementor-widget elementor-widget-spacer\" data-id=\"5426dc8\" data-element_type=\"widget\" data-e-type=\"widget\" data-widget_type=\"spacer.default\">\n\t\t\t\t<div class=\"elementor-widget-container\">\n\t\t\t\t\t\t\t<div class=\"elementor-spacer\">\n\t\t\t<div class=\"elementor-spacer-inner\"><\/div>\n\t\t<\/div>\n\t\t\t\t\t\t<\/div>\n\t\t\t\t<\/div>\n\t\t\t\t<section class=\"elementor-section elementor-inner-section elementor-element elementor-element-00de447 elementor-section-boxed elementor-section-height-default elementor-section-height-default\" data-id=\"00de447\" data-element_type=\"section\" data-e-type=\"section\">\n\t\t\t\t\t\t<div class=\"elementor-container elementor-column-gap-default\">\n\t\t\t\t\t<div class=\"elementor-column elementor-col-33 elementor-inner-column elementor-element elementor-element-5cdaa6b\" data-id=\"5cdaa6b\" data-element_type=\"column\" data-e-type=\"column\">\n\t\t\t<div class=\"elementor-widget-wrap\">\n\t\t\t\t\t\t\t<\/div>\n\t\t<\/div>\n\t\t\t\t<div class=\"elementor-column elementor-col-33 elementor-inner-column elementor-element elementor-element-2899735\" data-id=\"2899735\" data-element_type=\"column\" data-e-type=\"column\" data-settings=\"{&quot;background_background&quot;:&quot;classic&quot;}\">\n\t\t\t<div class=\"elementor-widget-wrap elementor-element-populated\">\n\t\t\t\t\t\t<div class=\"elementor-element elementor-element-9f99818 elementor-widget elementor-widget-heading\" data-id=\"9f99818\" data-element_type=\"widget\" data-e-type=\"widget\" data-widget_type=\"heading.default\">\n\t\t\t\t<div class=\"elementor-widget-container\">\n\t\t\t\t\t<h2 class=\"elementor-heading-title elementor-size-default\">Iliria Fragrance est un commerce de parfums d\u2019int\u00e9rieur qui regroupe plusieurs marques.<\/h2>\t\t\t\t<\/div>\n\t\t\t\t<\/div>\n\t\t\t\t<div class=\"elementor-element elementor-element-08a33eb elementor-widget elementor-widget-text-editor\" data-id=\"08a33eb\" data-element_type=\"widget\" data-e-type=\"widget\" data-widget_type=\"text-editor.default\">\n\t\t\t\t<div class=\"elementor-widget-container\">\n\t\t\t\t\t\t\t\t\t<p>Cette entreprise a \u00e9t\u00e9 con\u00e7u par une femme (moi-m\u00eame), \u00e9tant tr\u00e8s passionn\u00e9e par les parfums. Quoi de mieux que d\u2019avoir un foyer cosy qui sent bon, et qui nous fait nous sentir bien chez soi ?<\/p><p>Dans notre parfumerie d\u2019int\u00e9rieur vous d\u00e9couvrirez divers produits pour sublimer votre petit cocon !<\/p><p>Vous y trouverez des sprays d\u2019ambiance, des bougies parfum\u00e9es, des fondants parfum\u00e9s et beaucoup d\u2019autres articles.<\/p><p>Nous avons r\u00e9uni plusieurs marques afin de faciliter l\u2019achat de ces produits de diff\u00e9rentes entreprises dans une m\u00eame plateforme. Cela \u00e9vite la perte de temps d\u2019acheter sur plusieurs sites, mais \u00e9galement de payer les frais de port plusieurs fois, et donc permet de faire des \u00e9conomies !<\/p><p><strong>Pourquoi ILIRIA FRAGRANCE ?<\/strong><\/p><p><strong>ILIRIA<\/strong> est le nom de ma descendance en Albanie, je viens de ce peuple l\u00e0. Il est super important pour moi de ne pas oublier d\u2019o\u00f9 je viens, de conna\u00eetre mes racines, et que cela reste encr\u00e9 dans mon coeur. Mon pays c\u2019est ma vie. Iliria est une partie de moi. \ud83e\udd0d<\/p><p>Et <strong>FRAGRANCE<\/strong> pour rappeler le parfum, la bonne odeur. Le parfum est un bonheur olfactif qui nous fait voyager. Une maison qui sent bon est une maison o\u00f9 l\u2019on se sent bien.<\/p>\t\t\t\t\t\t\t\t<\/div>\n\t\t\t\t<\/div>\n\t\t\t\t\t<\/div>\n\t\t<\/div>\n\t\t\t\t<div class=\"elementor-column elementor-col-33 elementor-inner-column elementor-element elementor-element-918b1cb\" data-id=\"918b1cb\" data-element_type=\"column\" data-e-type=\"column\">\n\t\t\t<div class=\"elementor-widget-wrap\">\n\t\t\t\t\t\t\t<\/div>\n\t\t<\/div>\n\t\t\t\t\t<\/div>\n\t\t<\/section>\n\t\t\t\t<div class=\"elementor-element elementor-element-6667602 elementor-widget elementor-widget-spacer\" data-id=\"6667602\" data-element_type=\"widget\" data-e-type=\"widget\" data-widget_type=\"spacer.default\">\n\t\t\t\t<div class=\"elementor-widget-container\">\n\t\t\t\t\t\t\t<div class=\"elementor-spacer\">\n\t\t\t<div class=\"elementor-spacer-inner\"><\/div>\n\t\t<\/div>\n\t\t\t\t\t\t<\/div>\n\t\t\t\t<\/div>\n\t\t\t\t\t<\/div>\n\t\t<\/div>\n\t\t\t\t\t<\/div>\n\t\t<\/section>\n\t\t\t\t<\/div>\n\t\t","protected":false},"excerpt":{"rendered":"<p>Iliria Fragrance est un commerce de parfums d\u2019int\u00e9rieur qui regroupe plusieurs marques. Cette entreprise a \u00e9t\u00e9 con\u00e7u par une femme (moi-m\u00eame), \u00e9tant tr\u00e8s passionn\u00e9e par les parfums. Quoi de mieux que d\u2019avoir un foyer cosy qui sent bon, et qui nous fait nous sentir bien chez soi ? Dans notre parfumerie d\u2019int\u00e9rieur vous d\u00e9couvrirez divers &hellip;<\/p>\n<p class=\"read-more\"> <a class=\"\" href=\"https:\/\/iliriafragrance.com\/index.php\/a-propos\/\"> <span class=\"screen-reader-text\">\u00c0 propos<\/span> Lire la suite\u00a0\u00bb<\/a><\/p>\n","protected":false},"author":2,"featured_media":0,"parent":0,"menu_order":0,"comment_status":"closed","ping_status":"closed","template":"","meta":{"site-sidebar-layout":"no-sidebar","site-content-layout":"page-builder","ast-global-header-display":"","ast-main-header-display":"","ast-hfb-above-header-display":"","ast-hfb-below-header-display":"","ast-hfb-mobile-header-display":"","site-post-title":"disabled","ast-breadcrumbs-content":"disabled","ast-featured-img":"disabled","footer-sml-layout":"","theme-transparent-header-meta":"default","adv-header-id-meta":"","stick-header-meta":"","header-above-stick-meta":"","header-main-stick-meta":"","header-below-stick-meta":"","footnotes":""},"class_list":["post-357","page","type-page","status-publish","hentry"],"jetpack_sharing_enabled":true,"_links":{"self":[{"href":"https:\/\/iliriafragrance.com\/index.php\/wp-json\/wp\/v2\/pages\/357","targetHints":{"allow":["GET"]}}],"collection":[{"href":"https:\/\/iliriafragrance.com\/index.php\/wp-json\/wp\/v2\/pages"}],"about":[{"href":"https:\/\/iliriafragrance.com\/index.php\/wp-json\/wp\/v2\/types\/page"}],"author":[{"embeddable":true,"href":"https:\/\/iliriafragrance.com\/index.php\/wp-json\/wp\/v2\/users\/2"}],"replies":[{"embeddable":true,"href":"https:\/\/iliriafragrance.com\/index.php\/wp-json\/wp\/v2\/comments?post=357"}],"version-history":[{"count":8,"href":"https:\/\/iliriafragrance.com\/index.php\/wp-json\/wp\/v2\/pages\/357\/revisions"}],"predecessor-version":[{"id":1655,"href":"https:\/\/iliriafragrance.com\/index.php\/wp-json\/wp\/v2\/pages\/357\/revisions\/1655"}],"wp:attachment":[{"href":"https:\/\/iliriafragrance.com\/index.php\/wp-json\/wp\/v2\/media?parent=357"}],"curies":[{"name":"wp","href":"https:\/\/api.w.org\/{rel}","templated":true}]}}